{"id":18439,"date":"2024-10-02T19:08:05","date_gmt":"2024-10-02T19:08:05","guid":{"rendered":"https:\/\/tastesandflavours.com\/wordpress_g\/?post_type=product&#038;p=18439"},"modified":"2024-10-02T19:08:05","modified_gmt":"2024-10-02T19:08:05","slug":"ceci-al-naturale-bio","status":"publish","type":"product","link":"https:\/\/auroradistribuzione.it\/wordpress_g\/index.php\/prodotto\/ceci-al-naturale-bio\/","title":{"rendered":"Ceci al Naturale Bio"},"content":{"rendered":"<p class=\"product-single__title\">Ceci al Naturale Bio<\/p>\n<p>I nostri Ceci al Naturale, pur apparendo come tanti altri simili sullo scaffale, sono profondamente diversi e non solo perch\u00e8 Bio: noi li prepariamo davvero esattamente come fareste voi a casa: il giorno prima della produzione mettiamo in ammollo di acqua fresca i Ceci secchi, in modo che durante la notte possano riposare ed ammorbidirsi; il giorno dopo li bolliamo con abbondante rosmarino e riempiamo i barattoli uno ad uno, a mano, perch\u00e8 la macchina per riempire li sciuperebbe tutti, morbidi come sono gi\u00e0 a quel punto. Questo lungo procedimento, in gran parte manuale, \u00e8 certamente molto faticoso, e comporta grande passione per il proprio lavoro; tuttavia \u00e8 l&#8217;unico modo che conosciamo per donare la consistenza che riteniamo giusta ai nostri legumi.<\/p>\n","protected":false},"excerpt":{"rendered":"<p class=\"product-single__title\">Ceci al Naturale Bio<\/p>\n","protected":false},"featured_media":18440,"template":"","meta":[],"pwb-brand":[210],"product_brand":[],"product_cat":[76],"product_tag":[],"class_list":{"0":"post-18439","1":"product","2":"type-product","3":"status-publish","4":"has-post-thumbnail","6":"pwb-brand-toscanaintavola","7":"product_cat-conserve","8":"pa_formati-vaso-6x500g","10":"first","11":"onbackorder","12":"taxable","13":"shipping-taxable","14":"product-type-variable"},"aioseo_notices":[],"brands":[{"id":210,"name":"Toscana in Tavola","slug":"toscanaintavola"}],"_links":{"self":[{"href":"https:\/\/auroradistribuzione.it\/wordpress_g\/index.php\/wp-json\/wp\/v2\/product\/18439","targetHints":{"allow":["GET"]}}],"collection":[{"href":"https:\/\/auroradistribuzione.it\/wordpress_g\/index.php\/wp-json\/wp\/v2\/product"}],"about":[{"href":"https:\/\/auroradistribuzione.it\/wordpress_g\/index.php\/wp-json\/wp\/v2\/types\/product"}],"version-history":[{"count":1,"href":"https:\/\/auroradistribuzione.it\/wordpress_g\/index.php\/wp-json\/wp\/v2\/product\/18439\/revisions"}],"predecessor-version":[{"id":18442,"href":"https:\/\/auroradistribuzione.it\/wordpress_g\/index.php\/wp-json\/wp\/v2\/product\/18439\/revisions\/18442"}],"wp:featuredmedia":[{"embeddable":true,"href":"https:\/\/auroradistribuzione.it\/wordpress_g\/index.php\/wp-json\/wp\/v2\/media\/18440"}],"wp:attachment":[{"href":"https:\/\/auroradistribuzione.it\/wordpress_g\/index.php\/wp-json\/wp\/v2\/media?parent=18439"}],"wp:term":[{"taxonomy":"pwb-brand","embeddable":true,"href":"https:\/\/auroradistribuzione.it\/wordpress_g\/index.php\/wp-json\/wp\/v2\/pwb-brand?post=18439"},{"taxonomy":"product_brand","embeddable":true,"href":"https:\/\/auroradistribuzione.it\/wordpress_g\/index.php\/wp-json\/wp\/v2\/product_brand?post=18439"},{"taxonomy":"product_cat","embeddable":true,"href":"https:\/\/auroradistribuzione.it\/wordpress_g\/index.php\/wp-json\/wp\/v2\/product_cat?post=18439"},{"taxonomy":"product_tag","embeddable":true,"href":"https:\/\/auroradistribuzione.it\/wordpress_g\/index.php\/wp-json\/wp\/v2\/product_tag?post=18439"}],"curies":[{"name":"wp","href":"https:\/\/api.w.org\/{rel}","templated":true}]}}